{"id":6807,"date":"2019-04-26T09:45:32","date_gmt":"2019-04-26T07:45:32","guid":{"rendered":"https:\/\/esemdemi.it\/claudio"},"modified":"2019-06-05T12:04:54","modified_gmt":"2019-06-05T10:04:54","slug":"claudio","status":"publish","type":"page","link":"https:\/\/esemdemi.it\/de\/claudio\/","title":{"rendered":"Claudio"},"content":{"rendered":"[vc_row type=&#8220;full_width_background&#8220; full_screen_row_position=&#8220;middle&#8220; bg_color=&#8220;#2b2b29&#8243; scene_position=&#8220;center&#8220; text_color=&#8220;light&#8220; text_align=&#8220;left&#8220; top_padding=&#8220;8%&#8220; bottom_padding=&#8220;10%&#8220; overlay_strength=&#8220;0.3&#8243; shape_divider_position=&#8220;bottom&#8220; bg_image_animation=&#8220;none&#8220; shape_type=&#8220;&#8220;][vc_column column_padding=&#8220;no-extra-padding&#8220; column_padding_position=&#8220;all&#8220; background_color_opacity=&#8220;1&#8243; background_hover_color_opacity=&#8220;1&#8243; column_link_target=&#8220;_self&#8220; column_shadow=&#8220;none&#8220; column_border_radius=&#8220;none&#8220; width=&#8220;1\/2&#8243; tablet_width_inherit=&#8220;default&#8220; tablet_text_alignment=&#8220;default&#8220; phone_text_alignment=&#8220;default&#8220; column_border_width=&#8220;none&#8220; column_border_style=&#8220;solid&#8220; bg_image_animation=&#8220;none&#8220;][image_with_animation image_url=&#8220;6550&#8243; alignment=&#8220;&#8220; animation=&#8220;Fade In&#8220; border_radius=&#8220;none&#8220; box_shadow=&#8220;none&#8220; max_width=&#8220;100%&#8220; el_class=&#8220;imgfix staffimg&#8220;][\/vc_column][vc_column column_padding=&#8220;padding-7-percent&#8220; column_padding_position=&#8220;top-left&#8220; background_color_opacity=&#8220;1&#8243; background_hover_color_opacity=&#8220;1&#8243; column_link_target=&#8220;_self&#8220; column_shadow=&#8220;none&#8220; column_border_radius=&#8220;none&#8220; width=&#8220;1\/2&#8243; tablet_width_inherit=&#8220;default&#8220; tablet_text_alignment=&#8220;default&#8220; phone_text_alignment=&#8220;default&#8220; column_border_width=&#8220;none&#8220; column_border_style=&#8220;solid&#8220; bg_image_animation=&#8220;none&#8220;][divider line_type=&#8220;No Line&#8220; custom_height=&#8220;200&#8243;][split_line_heading]\n<h1>Claudio Melis<\/h1>\n[\/split_line_heading][split_line_heading]\n<h2>Kann man von der K\u00fcche aus die Welt erobern? Man kann, wie der geb\u00fcrtige Sarde Claudio Melis, Miteigent\u00fcmer und K\u00fcchenchef der Esemdem\u00ec-Lokale, beweist.<\/h2>\n[\/split_line_heading][vc_column_text]Das Leben ist keine gerade Stra\u00dfe, sondern eine voller Kreuzungen. Besonders deutlich wird dies an der Vita von Claudio Melis, auch weil ihn seine kreuzungsreiche Stra\u00dfe durch weite Teile der Welt gef\u00fchrt hat.<\/p>\n<p>Melis, geb\u00fcrtiger Sarde, besucht die Hotelfachschule in Sassari, die er mit H\u00f6chstpunktezahl abschlie\u00dft. Wie es sich f\u00fcr einen angehenden sardischen Koch geh\u00f6rt, verdient er sich seine Sporen an der Costa Smeralda, wo er auch auf einen einflussreichen Patissier trifft. Dieser hat mit Koryph\u00e4en wie Gualtiero Marchesi und Fr\u00e8dy Giradet zusammengearbeitet und erkennt das Talent in Melis.<\/p>\n<p>Er ist es auch, der die Weichen um Leben des angehenden K\u00fcchenmeisters stellt: mit einer Einladung nach Mailand ins Restaurant von Marchesi. Dort werden Claudio Melis die Augen ge\u00f6ffnet, er wei\u00df nun: das &#8211; und nur das &#8211; ist die Bestimmung eines Kochs.<\/p>\n<p>Melis \u00fcbersiedelt deshalb nach Frankreich, sammelt im Mutterland der Haute Cuisine Erfahrung, arbeitet danach in Deutschland und wieder in Italien, um schlie\u00dflich wieder dort zu landen, wo er sein Erweckungserlebnis hatte: im Restaurant von Gualtiero Marchesi.<\/p>\n<p>Dieses wird von nicht weniger als drei Michelin-Sternen geziert, die Erwartungen sind entsprechend hoch, der Stress ist enorm, ein Privatleben geht sich da kaum noch aus.<\/p>\n<p>Deshalb verl\u00e4sst Melis das Restaurant und nimmt mit 24 Jahren die Stelle eines Chefkochs bei Palizzi in Parma an. Zwei Jahre hindurch h\u00e4lt er dort den Michelin-Stern, verfeinert das Angebot und erweitert seine Kompetenzen, indem er sich immer mehr auch in die Verwaltung und F\u00fchrung des Restaurants einbringt.<\/p>\n<p>N\u00e4chste Station im Berufsleben von Claudio Melis ist Madonna di Campiglio, wo er ein Chalet \u00fcbernimmt, es zwei Jahre lang f\u00fchrt und lernt, eine enge Beziehung zu den G\u00e4sten zu kn\u00fcpfen. Zudem verliebt er sich in die Berge und dort bleibt er, auch wenn sich seine Wirkungsst\u00e4tten \u00e4ndern: zun\u00e4chst das Hermitage, danach das \u201cLa Siriola\u201d in St. Kassian, ein Restaurant im Besitz der Familie Wieser.<\/p>\n<p>Im \u201cLa Siriola\u201d tritt Melis das Erbe von Corrado Fasolato an, der f\u00fcr eine kompromisslose K\u00fcche bekannt ist. Diese Linie f\u00fchrt der neue K\u00fcchenchef so erfolgreich fort, dass er 2008 bereits f\u00fcr nicht weniger als 240 Mahlzeiten t\u00e4glich verantwortlich zeichnet.<\/p>\n<p>Gleichzeitig lernt Claudio Melis seine sp\u00e4tere Frau <a href=\"\/?page_id=6829\">Monica<\/a> kennen, mit der er 2010 in die Arabischen Emirate geht. Dort \u00fcbernehmen die beiden das Restaurant \u201cLa Cucina\u201d in einem enormen Hotelkomplex und bauen es in drei Monaten von \u00fcberschaubaren 30 Mahlzeiten am Tag zu einem erfolgreichen Betrieb mit 90 Mahlzeiten mittags und 180 abends aus. Melis\u2019 K\u00fcchenphilosophie erweist sich erneut als die richtige.<\/p>\n<p>In dieser Zeit lernt der sardische K\u00fcchenchef auch Gert Kopera kennen, einen der f\u00fchrenden K\u00f6pfe der Hotelkette Rosewood. Von Mentor Kopera wird Melis nicht nur in die Geheimnisse der F\u00fchrung gro\u00dfer Gastronomiebetriebe eingeweiht, er steigt auch in der Firmenhierarchie auf.<\/p>\n<p>Kopera, der in der Zwischenzeit das Jumeirah f\u00fchrt, holt ihn 2012 nach Dubai. Gemeinsam bauen sie die Gastronomiesparte von Koperas neuem Arbeitgeber um und schaffen eine von den Hotels nahezu g\u00e4nzlich abgekoppelte Restaurant-Organisation &#8211; eine v\u00f6llige Neuheit in einem Sektor, der Innovationen traditionell skeptisch gegen\u00fcber steht. Claudio Melis \u00fcbernimmt die Verantwortung f\u00fcr den italienischen Zweig der Restaurantsparte, beendet diese Erfahrung aber 2015.<\/p>\n<p>In diesem Jahr entscheidet sich Melis, mit seiner Frau Monica nach S\u00fcdtirol zur\u00fcckzukehren, um deren Bruder <a href=\"\/?page_id=6835\">Robert<\/a> bei der F\u00fchrung des Traditionsrestaurants \u201cZur Kaiserkron\u201d zu unterst\u00fctzen und mit Esemdem\u00ec gemeinsam ein neues unternehmerisches Projekt auf die Beine zu stellen.[\/vc_column_text][\/vc_column][\/vc_row]\n","protected":false},"excerpt":{"rendered":"<p>[vc_row type=&#8220;full_width_background&#8220; full_screen_row_position=&#8220;middle&#8220; bg_color=&#8220;#2b2b29&#8243; scene_position=&#8220;center&#8220; text_color=&#8220;light&#8220; text_align=&#8220;left&#8220; top_padding=&#8220;8%&#8220; bottom_padding=&#8220;10%&#8220; overlay_strength=&#8220;0.3&#8243; shape_divider_position=&#8220;bottom&#8220; bg_image_animation=&#8220;none&#8220; shape_type=&#8220;&#8220;][vc_column column_padding=&#8220;no-extra-padding&#8220; column_padding_position=&#8220;all&#8220; background_color_opacity=&#8220;1&#8243; background_hover_color_opacity=&#8220;1&#8243; column_link_target=&#8220;_self&#8220; column_shadow=&#8220;none&#8220; column_border_radius=&#8220;none&#8220; width=&#8220;1\/2&#8243; tablet_width_inherit=&#8220;default&#8220; tablet_text_alignment=&#8220;default&#8220; phone_text_alignment=&#8220;default&#8220;&#8230;<\/p>\n","protected":false},"author":14,"featured_media":0,"parent":0,"menu_order":0,"comment_status":"closed","ping_status":"closed","template":"","meta":{"_acf_changed":false,"footnotes":""},"class_list":["post-6807","page","type-page","status-publish"],"acf":[],"_links":{"self":[{"href":"https:\/\/esemdemi.it\/de\/wp-json\/wp\/v2\/pages\/6807","targetHints":{"allow":["GET"]}}],"collection":[{"href":"https:\/\/esemdemi.it\/de\/wp-json\/wp\/v2\/pages"}],"about":[{"href":"https:\/\/esemdemi.it\/de\/wp-json\/wp\/v2\/types\/page"}],"author":[{"embeddable":true,"href":"https:\/\/esemdemi.it\/de\/wp-json\/wp\/v2\/users\/14"}],"replies":[{"embeddable":true,"href":"https:\/\/esemdemi.it\/de\/wp-json\/wp\/v2\/comments?post=6807"}],"version-history":[{"count":3,"href":"https:\/\/esemdemi.it\/de\/wp-json\/wp\/v2\/pages\/6807\/revisions"}],"predecessor-version":[{"id":6897,"href":"https:\/\/esemdemi.it\/de\/wp-json\/wp\/v2\/pages\/6807\/revisions\/6897"}],"wp:attachment":[{"href":"https:\/\/esemdemi.it\/de\/wp-json\/wp\/v2\/media?parent=6807"}],"curies":[{"name":"wp","href":"https:\/\/api.w.org\/{rel}","templated":true}]}}

[vc_row type=&#8220;full_width_background&#8220; full_screen_row_position=&#8220;middle&#8220; bg_color=&#8220;#2b2b29&#8243; scene_position=&#8220;center&#8220; text_color=&#8220;light&#8220; text_align=&#8220;left&#8220; top_padding=&#8220;8%&#8220; bottom_padding=&#8220;10%&#8220; overlay_strength=&#8220;0.3&#8243; shape_divider_position=&#8220;bottom&#8220; bg_image_animation=&#8220;none&#8220; shape_type=&#8220;&#8220;][vc_column column_padding=&#8220;no-extra-padding&#8220; column_padding_position=&#8220;all&#8220; background_color_opacity=&#8220;1&#8243; background_hover_color_opacity=&#8220;1&#8243; column_link_target=&#8220;_self&#8220; column_shadow=&#8220;none&#8220; column_border_radius=&#8220;none&#8220; width=&#8220;1/2&#8243; tablet_width_inherit=&#8220;default&#8220; tablet_text_alignment=&#8220;default&#8220; phone_text_alignment=&#8220;default&#8220; column_border_width=&#8220;none&#8220; column_border_style=&#8220;solid&#8220; bg_image_animation=&#8220;none&#8220;][image_with_animation image_url=&#8220;6550&#8243; alignment=&#8220;&#8220; animation=&#8220;Fade In&#8220; border_radius=&#8220;none&#8220; box_shadow=&#8220;none&#8220; max_width=&#8220;100%&#8220; el_class=&#8220;imgfix staffimg&#8220;][/vc_column][vc_column column_padding=&#8220;padding-7-percent&#8220; column_padding_position=&#8220;top-left&#8220; background_color_opacity=&#8220;1&#8243; background_hover_color_opacity=&#8220;1&#8243; column_link_target=&#8220;_self&#8220; column_shadow=&#8220;none&#8220; column_border_radius=&#8220;none&#8220; width=&#8220;1/2&#8243; tablet_width_inherit=&#8220;default&#8220; tablet_text_alignment=&#8220;default&#8220; phone_text_alignment=&#8220;default&#8220; column_border_width=&#8220;none&#8220; column_border_style=&#8220;solid&#8220; bg_image_animation=&#8220;none&#8220;][divider line_type=&#8220;No Line&#8220; custom_height=&#8220;200&#8243;][split_line_heading]
<h1>Claudio Melis</h1>
[/split_line_heading][split_line_heading]
<h2>Kann man von der Küche aus die Welt erobern? Man kann, wie der gebürtige Sarde Claudio Melis, Miteigentümer und Küchenchef der Esemdemì-Lokale, beweist.</h2>
[/split_line_heading][vc_column_text]Das Leben ist keine gerade Straße, sondern eine voller Kreuzungen. Besonders deutlich wird dies an der Vita von Claudio Melis, auch weil ihn seine kreuzungsreiche Straße durch weite Teile der Welt geführt hat.</p>
<p>Melis, gebürtiger Sarde, besucht die Hotelfachschule in Sassari, die er mit Höchstpunktezahl abschließt. Wie es sich für einen angehenden sardischen Koch gehört, verdient er sich seine Sporen an der Costa Smeralda, wo er auch auf einen einflussreichen Patissier trifft. Dieser hat mit Koryphäen wie Gualtiero Marchesi und Frèdy Giradet zusammengearbeitet und erkennt das Talent in Melis.</p>
<p>Er ist es auch, der die Weichen um Leben des angehenden Küchenmeisters stellt: mit einer Einladung nach Mailand ins Restaurant von Marchesi. Dort werden Claudio Melis die Augen geöffnet, er weiß nun: das &#8211; und nur das &#8211; ist die Bestimmung eines Kochs.</p>
<p>Melis übersiedelt deshalb nach Frankreich, sammelt im Mutterland der Haute Cuisine Erfahrung, arbeitet danach in Deutschland und wieder in Italien, um schließlich wieder dort zu landen, wo er sein Erweckungserlebnis hatte: im Restaurant von Gualtiero Marchesi.</p>
<p>Dieses wird von nicht weniger als drei Michelin-Sternen geziert, die Erwartungen sind entsprechend hoch, der Stress ist enorm, ein Privatleben geht sich da kaum noch aus.</p>
<p>Deshalb verlässt Melis das Restaurant und nimmt mit 24 Jahren die Stelle eines Chefkochs bei Palizzi in Parma an. Zwei Jahre hindurch hält er dort den Michelin-Stern, verfeinert das Angebot und erweitert seine Kompetenzen, indem er sich immer mehr auch in die Verwaltung und Führung des Restaurants einbringt.</p>
<p>Nächste Station im Berufsleben von Claudio Melis ist Madonna di Campiglio, wo er ein Chalet übernimmt, es zwei Jahre lang führt und lernt, eine enge Beziehung zu den Gästen zu knüpfen. Zudem verliebt er sich in die Berge und dort bleibt er, auch wenn sich seine Wirkungsstätten ändern: zunächst das Hermitage, danach das “La Siriola” in St. Kassian, ein Restaurant im Besitz der Familie Wieser.</p>
<p>Im “La Siriola” tritt Melis das Erbe von Corrado Fasolato an, der für eine kompromisslose Küche bekannt ist. Diese Linie führt der neue Küchenchef so erfolgreich fort, dass er 2008 bereits für nicht weniger als 240 Mahlzeiten täglich verantwortlich zeichnet.</p>
<p>Gleichzeitig lernt Claudio Melis seine spätere Frau <a href="/?page_id=6829">Monica</a> kennen, mit der er 2010 in die Arabischen Emirate geht. Dort übernehmen die beiden das Restaurant “La Cucina” in einem enormen Hotelkomplex und bauen es in drei Monaten von überschaubaren 30 Mahlzeiten am Tag zu einem erfolgreichen Betrieb mit 90 Mahlzeiten mittags und 180 abends aus. Melis’ Küchenphilosophie erweist sich erneut als die richtige.</p>
<p>In dieser Zeit lernt der sardische Küchenchef auch Gert Kopera kennen, einen der führenden Köpfe der Hotelkette Rosewood. Von Mentor Kopera wird Melis nicht nur in die Geheimnisse der Führung großer Gastronomiebetriebe eingeweiht, er steigt auch in der Firmenhierarchie auf.</p>
<p>Kopera, der in der Zwischenzeit das Jumeirah führt, holt ihn 2012 nach Dubai. Gemeinsam bauen sie die Gastronomiesparte von Koperas neuem Arbeitgeber um und schaffen eine von den Hotels nahezu gänzlich abgekoppelte Restaurant-Organisation &#8211; eine völlige Neuheit in einem Sektor, der Innovationen traditionell skeptisch gegenüber steht. Claudio Melis übernimmt die Verantwortung für den italienischen Zweig der Restaurantsparte, beendet diese Erfahrung aber 2015.</p>
<p>In diesem Jahr entscheidet sich Melis, mit seiner Frau Monica nach Südtirol zurückzukehren, um deren Bruder <a href="/?page_id=6835">Robert</a> bei der Führung des Traditionsrestaurants “Zur Kaiserkron” zu unterstützen und mit Esemdemì gemeinsam ein neues unternehmerisches Projekt auf die Beine zu stellen.[/vc_column_text][/vc_column][/vc_row]
